+ 5. Is v(-8) a composite number?
False
Let m(u) = -14*u**3 + u**2 + 7. Let p(b) = b**3 + 4*b**2 - 4*b + 2. Let k be p(-5). Is m(k) prime?
False
Suppose -3*g - g - 9 = -3*w, g - 5*w = 19. Let b = g + 8. Suppose 3*u - b*l - 79 = 0, -u - 4*l = -2*u + 43. Is u composite?
False
Suppose 7*z - 409 = 368. Is z prime?
False
Let u be ((-30)/4 - -2)*-12. Suppose 4*g + 8 = 6*g + 4*f, u = 4*g - 2*f. Is g a prime number?
False
Let f = 317 - 94. Is f composite?
False
Let n = -209 + 106. Let i = -60 - n. Is i a prime number?
True
Suppose 4*n - 16 = -4. Suppose -n*h = h - 132. Is h prime?
False
Let k = 14 - -6. Is (-289)/(-3) - k/(-30) composite?
False
Let h = 890 - 1508. Let g = 425 - h. Is g a composite number?
True
Is 36 + -4 + (-2 - -1) a composite number?
False
Suppose 0 - 4 = 4*i - 4*r, -i = 5*r - 11. Suppose y = -0*y + 27. Is y/4 + i/4 composite?
False
Let f(m) = 22*m**2 + 2*m - 41. Is f(6) a composite number?
True
Let f = 872 - 495. Is f composite?
True
Let q = -4 + 2. Is 3/(6/154) - q prime?
True
Let c = 365 + -208. Is c a composite number?
False
Suppose 2*b = -2*b + 20. Suppose 455 = 4*a - a + 5*c, -5*c - 705 = -b*a. Is a composite?
True
Suppose -408 = -n - 2*n. Suppose 0 = -c - 2*c + 5*w + n, 5 = 5*w. Suppose 3*h = 4*u + h - 200, u + h - c = 0. Is u prime?
False
Let h = 145 - -109. Is h a composite number?
True
Suppose 2*k - 3*o - 175 = 0, k - 43 = o + 46. Suppose n - k = -22. Suppose -u = u + p - n, -u + p = -35. Is u a composite number?
True
Let a = -613 + 1032. Is a a prime number?
True
Suppose -k - 960 = 5*h + k, 4*h - k = -768. Let o = h - -289. Is o prime?
True
Let f = -6 + 10. Suppose -a = 4*k - 23, 0*k - f*k - 10 = -2*a. Is a a composite number?
False
Suppose -195 + 29 = -2*u. Is u a prime number?
True
Let w = 3 + 0. Suppose -w*f = f + 8. Is f + (-1 - -60) + -2 a composite number?
True
Let i(d) = 372*d**3 - 2*d**2 + 2*d - 1. Is i(1) prime?
False
Suppose 5*s + 3437 = 4*n, 4*s = 5*n - n - 3440. Is n a prime number?
True
Let c(h) = -h**2 - 3*h + 4. Suppose 5*k - 15 = 5*l, 4*l = -k - l + 27. Let x be c(k). Let p = x + 103. Is p prime?
True
Let t be 5/(5/(-104)) + -1. Let x be ((-2)/6)/((-5)/t). Is x/4*(-2 - 26) prime?
False
Suppose 5*c - 4*w + w - 45 = 0, 5*w = -5*c + 5. Suppose 181 = l + 2*l - 2*v, -3*v = c. Is l a prime number?
True
Let t be 1 + 3 + 9/(-9). Suppose 0 = -3*x + 4*r + 1041 + 178, 5*r = t*x - 1214. Is x composite?
True
Suppose a = -z - 4 - 3, 12 = -2*a - 3*z. Let b be 0 + 2 + 0 + a. Is 31*-1*(b + 6) prime?
True
Let a be 3*(-8)/(-10)*5. Is (-161)/(-3) - a/18 a prime number?
True
Let s(g) be the first derivative of 9*g - 3*g - 4*g**2 - 2*g + 3*g + 2. Is s(-5) composite?
False
Let z be (-3)/(-9) + (-26)/6. Let g(d) = -16*d - 5. Is g(z) prime?
True
Suppose 0 = -5*v - 3*k + 762, -16 = 3*k - 7*k. Suppose -5*c + 10*c = 20. Suppose v - 58 = c*a. Is a a composite number?
False
Let y be (-101)/(-2)*-4 + -1. Let k(x) = -x**3 + 6*x**2 + 11*x + 10. Let o be k(9). Let a = o - y. Is a a composite number?
True
Suppose -w + 6*w = i - 445, -i = -4*w - 356. Let o = -56 - w. Is o prime?
False
Suppose -4*b - 119 = -715. Is b prime?
True
Let t be 3 - (-5 - (-7 + 3)). Suppose 0 = c - t*p - 16 - 1, -3*c + 121 = 2*p. Is c prime?
True
Let p = -1142 - -1852. Let r = p - 473. Is r composite?
True
Let v(i) = 6*i**2 - 4*i + 5. Let k be v(-8). Let c = -162 + k. Is c composite?
True
Let u = 0 - 0. Suppose -2*t + 14 = 2*q, u*t - q - 5 = -5*t. Is 146/4 - t/(-4) prime?
True
Let h(v) = 2*v**2 + 6*v - 1. Let b = 13 - 8. Suppose 3*s - b = 4*s. Is h(s) a composite number?
False
Suppose 4*c + 22 = -5*h, 3*c + 3*h + 14 + 1 = 0. Is (-10)/c*99/22 a composite number?
True
Let m(g) = -9*g**2 - g**3 - 5 + 8*g**2 + 6*g - 5*g**2. Is m(-10) a composite number?
True
Let a be (-11)/4 + 1/(-4). Let j be (a/6)/(2/(-48)). Suppose 2*x + j = -2*v + 3*v, 11 = v - x. Is v a prime number?
False
Let u = 3 + -2. Let y(l) = -l**3 + l**2 + l. Let t be y(0). Is t - -118 - (-3)/u a composite number?
True
Let h = -43 - -232. Suppose h + 623 = 4*p. Is p a prime number?
False
Is (508/(-8))/((-4)/8) a prime number?
True
Let s(v) = 12*v + 29. Is s(10) a composite number?
False
Let q = -8 + 15. Suppose q*u = 3*u + 56. Is u a composite number?
True
Is 298*(-3)/(18/(-33)) prime?
False
Let y = -1 - 0. Let o(b) = 521*b**3 + 4*b**2 + 4*b + 13. Let t(m) = -130*m**3 - m**2 - m - 3. Let l(r) = 2*o(r) + 9*t(r). Is l(y) composite?
False
Let d = -8 - -4. Is (-6)/(-12) - 294/d a prime number?
False
Let i(r) = 23*r**3 + r - 1. Let q(c) = c - 1. Let u be q(-3). Let f be u*1*(-2)/8. Is i(f) composite?
False
Let o be (-207)/(-6)*2*1. Let j = o - 13. Suppose 2*s - 8*r - 106 = -4*r, s - j = 3*r. Is s a composite number?
False
Let d(g) = g**3 + g**2 - 3*g - 1. Suppose 25 - 5 = 5*b - h, -2*h = -5*b + 20. Is d(b) prime?
True
Let r(l) = 7*l**2 - 8*l - 7. Is r(-6) prime?
True
Let p(x) be the second derivative of 11*x**3/2 - x**2/2 + x. Is p(2) a composite number?
True
Let v be (6/(-8))/(5/(-20)). Suppose v*f = f + 10. Suppose -s - 572 = -f*s. Is s a prime number?
False
Let j(u) = -12*u**2 - 5*u + 1. Let t be j(-6). Let o = t - -911. Is (4/6)/(4/o) a prime number?
False
Let f = 573 + -404. Is f a prime number?
False
Let p = 7 - 0. Let g be ((-3)/2)/((-9)/12). Let l = g + p. Is l composite?
True
Let h(t) = -67*t - 1. Let c be 5 - 4 - 6/2. Is h(c) a prime number?
False
Suppose 5*p - 15 = -0. Suppose -o + p*o = -5*h + 2235, -5*o = 25. Is h a prime number?
True
Suppose q = 22 - 3. Suppose -3*o + d - 50 = -7, -2*o - 29 = -d. Let z = q - o. Is z a prime number?
False
Suppose -2*t - 3*t + 3*x = -5030, 5*t + 2*x - 5055 = 0. Is t composite?
False
Let b(p) = p**3 - 2*p**2 + 8*p + 5. Let y be b(7). Let s be (y/24)/((-1)/(-8)). Let o = s - -25. Is o prime?
True
Let f = 8 - 10. Is (-2 - f) + 105/3 prime?
False
Let s(w) = w**2 + w - 4. Let g be s(0). Is 155 - (-7)/((-14)/g) prime?
True
Let n be 1/3 + 100/6. Suppose -2*u + u - 19 = -3*c, -u = -c + 9. Suppose -w - 13 = -4*v, -4*v + 0 = c*w + n. Is v prime?
True
Is ((-471)/(-6))/((-2)/(-28)) a prime number?
False
Let y(g) = 6*g + 7. Is y(4) a prime number?
True
Let h(v) = 4*v**2 + 3*v + 3. Let i be h(3). Suppose 4*q - i = 300. Is q prime?
False
Suppose -304 = -v + 2*v. Let x = 450 + v. Suppose -5*b = 3*z - 49, -4*z + x - 38 = -4*b. Is z a prime number?
True
Let w(i) = 534*i - 4. Let k be w(2). Let b = k - 663. Is b a prime number?
True
Let b be (-518)/(-2) - 0/(-1). Is b/2 - (-6)/4 composite?
False
Let b = 194 - 95. Let y = 57 + b. Suppose 0 = 5*d - d - y. Is d prime?
False
Suppose -1 = i, 6*f - 125 = 2*f + i. Is f prime?
True
Let d = -6 - -5. Let y(z) = 42*z**2 - 2*z - 1. Is y(d) prime?
True
Let w(z) = 3*z**2 + 11. Is w(8) prime?
False
Let l(o) = -3 + 7 + o**2 + 7 + o**2 + 8*o. Is l(8) a prime number?
False
Let o = -14 + 15. Let w = 20 - o. Is w a prime number?
True
Let h(f) = -f**3 - 11*f**2 + 2. Let q be h(-11). Suppose 0 = -3*j + 5 - q. Is j/3 + 438/9 prime?
False
Let v(j) = -j**2 + 5*j + 4. Let c be v(5). Let z(p) = 6*p - 2 - 3 + 9*p. Is z(c) a prime number?
False
Is (431/(-4))/((-8)/((-2720)/(-5))) a prime number?
False
Suppose 0 = -2*p - 5*v + 229, 2*p - 10*v = -8*v + 250. Is p composite?
True
Let n = -270 + 857. Is n composite?
False
Suppose 3*o = -3*n + 804, 2*n + 0*n = 3*o - 809. Is o a prime number?
True
Let d(z) = 2*z - 12. Let a be d(7). Suppose 5*b - h = 1299, 0*b - a*b + h = -522. Is b prime?
False
Let p be 2/(-2 + 3) - 6. Let a = 81 - p. Is a a prime number?
False
Let o(g) = -2*g**3 - 2*g**2 + 5*g + 7. Is o(-4) a composite number?
False
Let k(d) = 10*d**3 + 4*d**2 - 5*d + 2. Is k(3) prime?
True
Suppose -729 - 320 = -v. Is v prime?
True
Suppose 0 = -4*d - 5*v + 5015, d = -4*d - 3*v + 6272. Is d a composite number?
True
Suppose 3*o - o - 18 = 0. Is o prime?
False
Let b = -438 + 817. Is b a prime number?
True
Suppose 0 = -2*i + 7*i. Suppose 2*v + 4*c + 22 = 0, i = 4*v - c - 0*c + 35. Is (-8)/(-36) + (-124)/v prime?
False
Let t = -13 - -39. Is t prime?
False
Let z(h) = h**2 - 3*h**2 - 1 + 34*h**3 + 0*h**2. Is z(2) prime?
True
Let a be (2 - -2)/(-2) - 1. Is (-3 - 0/a) + 56 a composite number?
False
Is ((-12)/8 + 2)*262 a prime number?
True
Let q(o) = -2*o**3 + o**2 + 4 + 2*o - 1 + 2 + 5*o. Is q(-6) a composite number?
False
Let y = -5288 + 9379. Is y composite?
False
Suppos